{"id":4876,"date":"2026-03-06T16:10:31","date_gmt":"2026-03-06T21:10:31","guid":{"rendered":"https:\/\/autogalias.com\/renault\/?page_id=4876"},"modified":"2026-03-06T16:10:32","modified_gmt":"2026-03-06T21:10:32","slug":"terminos-y-condiciones-2","status":"publish","type":"page","link":"https:\/\/autogalias.com\/renault\/terminos-y-condiciones-2\/","title":{"rendered":"T\u00e9rminos y Condiciones"},"content":{"rendered":"\t\t<div data-elementor-type=\"wp-page\" data-elementor-id=\"4876\" class=\"elementor elementor-4876\" data-elementor-post-type=\"page\">\n\t\t\t\t<div class=\"elementor-element elementor-element-4c9efaa e-flex e-con-boxed e-con e-parent\" data-id=\"4c9efaa\" data-element_type=\"container\">\n\t\t\t\t\t<div class=\"e-con-inner\">\n\t\t\t\t<div class=\"elementor-element elementor-element-e83599f elementor-widget elementor-widget-heading\" data-id=\"e83599f\" data-element_type=\"widget\" data-widget_type=\"heading.default\">\n\t\t\t\t\t<h2 class=\"elementor-heading-title elementor-size-default\">T\u00e9rminos y condiciones<\/h2>\t\t\t\t<\/div>\n\t\t\t\t<div class=\"elementor-element elementor-element-88d0b5d elementor-widget elementor-widget-heading\" data-id=\"88d0b5d\" data-element_type=\"widget\" data-widget_type=\"heading.default\">\n\t\t\t\t\t<p class=\"elementor-heading-title elementor-size-default\">Conoce los t\u00e9rminos y condiciones de nuestras ofertas y acciones comerciales<\/p>\t\t\t\t<\/div>\n\t\t\t\t<div class=\"elementor-element elementor-element-40856df9 elementor-widget elementor-widget-text-editor\" data-id=\"40856df9\" data-element_type=\"widget\" data-widget_type=\"text-editor.default\">\n\t\t\t\t\t\t\t\t\t<p><\/p>\n<ol class=\"wp-block-list\">\n<li style=\"list-style-type: none;\">\n<ol class=\"wp-block-list\">\n<li>\n<h2>Kardian<strong> FEST<\/strong><\/h2>\n<\/li>\n<\/ol>\n<\/li>\n<\/ol>\n<p><\/p>\n<p><!-- \/wp:list --><!-- wp:paragraph --><\/p>\n<p><strong>1. <\/strong>El beneficio de recibimos tu Sandero, Logan o Stepway 2019 en adelante a precio de revista motor +$3.000.00 es el valor sobre el cual se peritar\u00e1 el veh\u00edculo usado, el valor final de retoma del veh\u00edculo usado depender\u00e1 de factores como el kilometraje recorrido, el estado de estructura, el estado de la pintura, el estado mec\u00e1nico y el estado legal del veh\u00edculo. los 3 millones no representan un bono en s\u00ed, solamente es el valor por encima de revista motor que se usar\u00e1 como referencia para retoma. El valor de revista motor que se usar\u00e1 ser\u00e1 el vigente del mes en el cual se realice el peritaje del veh\u00edculo usado.\u00a0<\/p>\n<p>2. El Kit Renaulution es un obsequio que se entrega a los clientes que realicen una prueba de ruta de una Renault KARDIAN en las vitrinas AutoGalias durante la vigencia de la campa\u00f1a, este KIT incluye una camiseta Renault y un carrito coleccionable. la talla de la camiseta depender\u00e1 de la disponibilidad del inventario y no se puede garantizar poder ofrecer al cliente en el obsequio una talla determinada. Este obsequio no puede ser entregado en dinero.<\/p>\n<p>3. El beneficio de cuota desde $918.000 mensuales, corresponde a financiaci\u00f3n con Mobilize Financial Services en un plan Super Tasa, una cuota inicial del 50% de una Renault Kardian Evolution MT y un plazo de 84 meses, el valor de la cuota no incluye seguros y la aprobaci\u00f3n del cr\u00e9dito est\u00e1 sujeta al estudio de cr\u00e9dito por parte de la entidad que financia.\u00a0<\/p>\n<p>4. El descuento de $2.475.000 aplica para una Renault KARDIAN Evolution MT modelo 2026 financiado con el plan Super tasa de MFS. El descuento de $3.475.000 aplica para un Renault KARDIAN Premiere Edition modelo 2025 financiado con el plan Super Tasa de MFS.<\/p>\n<p>\u00a0<\/p>\n<p>Los precios comunicados y las tasas de inter\u00e9s pueden cambiar sin previo aviso y los beneficios aplican para unidades limitadas de acuerdo al inventario disponible en el concesionario.<\/p>\n<p>\u00a0<\/p>\n<p>Oferta v\u00e1lida del 1 al 31 de marzo de 2025 o hasta agotar existencias.<\/p>\n<p>\u00a0<\/p>\n<ol class=\"wp-block-list\">\n<li style=\"list-style-type: none;\">\n<ol class=\"wp-block-list\">\n<li>\n<h2>ARKANA FEST<\/h2>\n<\/li>\n<\/ol>\n<\/li>\n<\/ol>\n<p><!-- \/wp:list-item --><\/p>\n<p><!-- \/wp:list --><!-- wp:paragraph --><\/p>\n<p><strong>1. <\/strong>El beneficio de recibimos tu Duster 2016 en adelante a precio de revista motor +$2.000.00 es el valor sobre el cual se peritar\u00e1 el veh\u00edculo usado, el valor final de retoma del veh\u00edculo usado depender\u00e1 de factores como el kilometraje recorrido, el estado de estructura, el estado de la pintura, el estado mec\u00e1nico y el estado legal del veh\u00edculo. los 2 millones no representan un bono en s\u00ed, solamente es el valor por encima de revista motor que se usar\u00e1 como referencia para retoma. El valor de revista motor que se usar\u00e1 ser\u00e1 el vigente del mes en el cual se realice el peritaje del veh\u00edculo usado.\u00a0<\/p>\n<p>2. El Kit Renaulution es un obsequio que se entrega a los clientes que realicen una prueba de ruta de una Renault ARKANA en las vitrinas AutoGalias durante la vigencia de la campa\u00f1a, este KIT incluye una camiseta Renault y un carrito coleccionable. La talla de la camiseta depender\u00e1 de la disponibilidad del inventario y no se puede garantizar poder ofrecer al cliente en el obsequio una talla determinada. Este obsequio no puede ser entregado en dinero.<\/p>\n<p>3. El beneficio de cuota desde $1.288.000 mensuales, corresponde a financiaci\u00f3n con Mobilize Financial Services en un plan Super Tasa, una cuota inicial del 50% de una Renault ARKANA TECHNO y un plazo de 72 meses, el valor de la cuota no incluye seguros y la aprobaci\u00f3n del cr\u00e9dito est\u00e1 sujeta al estudio de cr\u00e9dito por parte de la entidad que financia.\u00a0<\/p>\n<p>4. El descuento de $4.500.000 aplica para una Renault ARKANA TECHNO modelo 2026 financiado con el plan Super tasa de MFS.\u00a0<\/p>\n<p>Los precios comunicados y las tasas de inter\u00e9s pueden cambiar sin previo aviso y los beneficios aplican para unidades limitadas de acuerdo al inventario disponible en el concesionario.<\/p>\n<p>\u00a0<\/p>\n<p>Oferta v\u00e1lida del 1 al 31 de marzo de 2025 o hasta agotar existencias.<\/p>\n<p><!-- \/wp:paragraph --><\/p>\t\t\t\t\t\t\t\t<\/div>\n\t\t\t\t\t<\/div>\n\t\t\t\t<\/div>\n\t\t\t\t<\/div>\n\t\t","protected":false},"excerpt":{"rendered":"<p>T\u00e9rminos y condiciones Conoce los t\u00e9rminos y condiciones de nuestras ofertas y acciones comerciales Kardian FEST 1. El beneficio de recibimos tu Sandero, Logan o Stepway 2019 en adelante a precio de revista motor +$3.000.00 es el valor sobre el cual se peritar\u00e1 el veh\u00edculo usado, el valor final de retoma del veh\u00edculo usado depender\u00e1 [&hellip;]<\/p>\n","protected":false},"author":6,"featured_media":0,"parent":0,"menu_order":0,"comment_status":"closed","ping_status":"open","template":"","meta":{"footnotes":""},"class_list":["post-4876","page","type-page","status-publish","hentry"],"_links":{"self":[{"href":"https:\/\/autogalias.com\/renault\/wp-json\/wp\/v2\/pages\/4876","targetHints":{"allow":["GET"]}}],"collection":[{"href":"https:\/\/autogalias.com\/renault\/wp-json\/wp\/v2\/pages"}],"about":[{"href":"https:\/\/autogalias.com\/renault\/wp-json\/wp\/v2\/types\/page"}],"author":[{"embeddable":true,"href":"https:\/\/autogalias.com\/renault\/wp-json\/wp\/v2\/users\/6"}],"replies":[{"embeddable":true,"href":"https:\/\/autogalias.com\/renault\/wp-json\/wp\/v2\/comments?post=4876"}],"version-history":[{"count":4,"href":"https:\/\/autogalias.com\/renault\/wp-json\/wp\/v2\/pages\/4876\/revisions"}],"predecessor-version":[{"id":4880,"href":"https:\/\/autogalias.com\/renault\/wp-json\/wp\/v2\/pages\/4876\/revisions\/4880"}],"wp:attachment":[{"href":"https:\/\/autogalias.com\/renault\/wp-json\/wp\/v2\/media?parent=4876"}],"curies":[{"name":"wp","href":"https:\/\/api.w.org\/{rel}","templated":true}]}}